a composite number?
True
Is 16090693 prime?
True
Is 365487341 composite?
True
Is 11903623 a prime number?
False
Is 40905037 a composite number?
False
Is 80671843 a composite number?
True
Is 47302523 a composite number?
False
Is 13900553 a prime number?
True
Is 55961009 composite?
True
Is 52906309 composite?
False
Is 2700079 a prime number?
True
Is 6516001 prime?
True
Is 72778787 a prime number?
False
Is 343997 composite?
False
Is 1692499 composite?
False
Is 13100887 composite?
False
Is 246073857 a prime number?
False
Is 17773333 a composite number?
False
Is 121509611 prime?
True
Is 24578087 composite?
True
Is 3177407 composite?
True
Is 52320865 a prime number?
False
Is 314905627 a prime number?
False
Is 17533393 prime?
False
Is 3200579 prime?
True
Is 648145 a composite number?
True
Is 160286801 prime?
True
Is 81381197 composite?
False
Is 284472053 a prime number?
True
Is 475451297 a composite number?
True
Is 113230707 a composite number?
True
Is 22154023 a prime number?
False
Is 79027 composite?
True
Is 6662441 prime?
False
Is 60031 a composite number?
True
Is 57721849 composite?
False
Is 13699454 composite?
True
Is 2824477 composite?
False
Is 1947851 a prime number?
True
Is 5622193 a prime number?
False
Is 9788063 composite?
True
Is 870139 prime?
False
Is 394154183 composite?
True
Is 439541 a composite number?
False
Is 144348773 a composite number?
True
Is 910291 a composite number?
True
Is 186853 a composite number?
True
Is 57006097 a composite number?
False
Is 3959947 a prime number?
True
Is 35816737 a composite number?
True
Is 87101551 a composite number?
True
Is 16845641 prime?
True
Is 6984239 a prime number?
True
Is 8196779 composite?
False
Is 69181303 prime?
True
Is 732097 a prime number?
True
Is 9943027 a composite number?
True
Is 186959 prime?
True
Is 3043813 composite?
True
Is 849923947 a composite number?
False
Is 17152873 prime?
True
Is 59766181 a composite number?
False
Is 177623 a prime number?
True
Is 6957943 a prime number?
True
Is 2604605 a composite number?
True
Is 57407653 prime?
True
Is 489983497 a composite number?
True
Is 42856333 prime?
False
Is 14016527 a composite number?
True
Is 1786673 a composite number?
True
Is 969973 prime?
False
Is 440437 composite?
True
Is 208397081 a prime number?
True
Is 68071583 a composite number?
False
Is 1387097 a prime number?
False
Is 57646529 composite?
True
Is 352301 a prime number?
True
Is 45557089 prime?
False
Is 235695623 prime?
True
Is 1752977 prime?
True
Is 26089177 composite?
False
Is 2698919 composite?
True
Is 99476101 a prime number?
False
Is 907607 prime?
False
Is 6480163 prime?
True
Is 2204786 prime?
False
Is 1899479 composite?
True
Is 936391 composite?
False
Is 9374083 a composite number?
False
Is 101855977 a prime number?
True
Is 233870999 prime?
True
Is 51567097 a prime number?
False
Is 7770599 composite?
False
Is 1554139 a prime number?
False
Is 1958479 a prime number?
False
Is 341123 a composite number?
False
Is 25498663 prime?
True
Is 70900231 a composite number?
False
Is 14172311 a prime number?
False
Is 24139601 composite?
True
Is 27830783 composite?
True
Is 16210231 composite?
True
Is 2897171 composite?
False
Is 49370473 a composite number?
False
Is 34143409 a composite number?
False
Is 10722619 composite?
False
Is 46471429 prime?
True
Is 24987007 prime?
True
Is 376231 a prime number?
True
Is 3631703 prime?
True
Is 25637639 prime?
True
Is 2029567 composite?
False
Is 11672915 prime?
False
Is 20267131 composite?
True
Is 11357579 a composite number?
False
Is 38685749 composite?
False
Is 149095 a prime number?
False
Is 2839739 composite?
True
Is 447393413 a prime number?
False
Is 9452789 a composite number?
True
Is 248844455 prime?
False
Is 5968551 composite?
True
Is 240982649 a prime number?
True
Is 1816543 a composite number?
False
Is 447032711 composite?
False
Is 47191 a prime number?
False
Is 1862021 prime?
False
Is 39843491 a prime number?
False
Is 18229609 a prime number?
True
Is 117537839 prime?
False
Is 18633211 prime?
False
Is 19968437 composite?
False
Is 151739449 composite?
True
Is 6412739 prime?
True
Is 19953119 prime?
False
Is 2554397 a composite number?
False
Is 2674999 a composite number?
True
Is 148164619 a prime number?
False
Is 121927939 prime?
False
Is 6866357 composite?
False
Is 4807919 prime?
False
Is 815487 a prime number?
False
Is 26782391 a prime number?
False
Is 14504257 composite?
False
Is 6774731 composite?
False
Is 11762551 a prime number?
False
Is 41704709 a composite number?
False
Is 2339417 a prime number?
True
Is 21700889 composite?
True
Is 150931 composite?
True
Is 25423723 prime?
False
Is 132140207 prime?
True
Is 90259349 a composite number?
True
Is 15844183 a composite number?
False
Is 4987967 composite?
False
Is 48149 a prime number?
False
Is 35054819 a composite number?
True
Is 39752659 prime?
False
Is 170582905 a composite number?
True
Is 315306169 composite?
True
Is 1545839 prime?
True
Is 4181407 a composite number?
True
Is 2940781 composite?
False
Is 28557769 a prime number?
False
Is 2477213 a prime number?
True
Is 151634401 a prime number?
True
Is 552278057 prime?
True
Is 22140011 a composite number?
True
Is 360832765 a composite number?
True
Is 50450029 composite?
True
Is 12543233 a prime number?
True
Is 91809043 a composite number?
True
Is 8554499 prime?
False
Is 12826421 a composite number?
False
Is 254011469 prime?
True
Is 22195538 composite?
True
Is 4305953 composite?
False
Is 4336303 prime?
True
Is 13205327 a prime number?
True
Is 16038193 a prime number?
True
Is 7925979 a prime number?
False
Is 57893923 a prime number?
False
Is 753527 composite?
False
Is 206351147 a prime number?
False
Is 18856829 a prime number?
True
Is 63304037 a composite number?
False
Is 177101 a prime number?
True
Is 70181863 prime?
False
Is 10333513 prime?
False
Is 9064801 a composite number?
False
Is 12955471 prime?
True
Is 1986042499 composite?
True
Is 4491259 composite?
True
Is 2557501 prime?
True
Is 198704006 a composite number?
True
Is 5032277 a prime number?
False
Is 1234577 a composite number?
False
Is 573719 a composite number?
False
Is 20123759 a composite number?
False
Is 102270437 prime?
True
Is 52547851 a prime number?
True
Is 35907521 composite?
True
Is 4013671 prime?
True
Is 43784591 a composite number?
True
Is 24151363 a composite number?
False
Is 77308463 a composite number?
True
Is 1713373 a prime number?
True
Is 33449942 a composite number?
True
Is 10758481 a composite number?
True
Is 22200263 a composite number?
False
Is 61991029 prime?
True
Is 7297351 a prime number?
False
Is 272006923 composite?
False
Is 95668607 a composite number?
True
Is 20654747 composite?
False
Is 1549063 a composite number?
True
Is 9211973 a composite number?
False
Is 1104169 prime?
False
Is 70963999 a prime number?
True
Is 2906019857 a prime number?
False
Is 4026777 prime?
False
Is 86636047 a composite number?
False
Is 3368273 composite?
True
Is 17974483 a prime number?
True
Is 131872659 a prime number?
False
Is 26368283 a composite number?
False
Is 43155457 prime?
True
Is 160363871 composite?
False
Is 61913069 a prime number?
True
Is 58173157 composite?
True
Is 43692181 a prime number?
False
Is 28030237 prime?
True
Is 28647341 a composite number?
False
Is 2804203 prime?
True
Is 106770389 a composite number?
True
Is 12624539 a prime number?
False
Is 2446614647 a composite number?
False
Is 728594941 composite?
True
Is 68612307 a prime number?
False
Is 285005521 a prime number?
False
Is 4265477 a prime number?
True
Is 1942869847 composite?
True
Is 64607551 a prime number?
False
Is 11286091 a prime number?
False
Is 28111 prime?
True
Is 36835081 a prime number?
False
Is 10665689 a composite number?
False
Is 5921411 composite?
False
Is 8074637 composite?
False
Is 3008011 a prime number?
True
Is 7024789 composite?
True
Is 5344823 a composite number?
True
Is 5607367 composite?
True
Is 3979957 prime?
True
Is 307561 a prime number?
False
Is 1448457 a prime number?
False
Is 97042303 a prime number?
False
Is 2642213 prime?
False
Is 1986797 composite?
False
Is 2820653 a prime number?
False
Is 2420399 composite?
False
Is 7750167 composite?
True
Is 6382219 prime?
False
Is 4787417 composite?
True
Is 118308259 composite?
True
Is 5254229 prime?
True
Is 49507511 a compo